on divisor of 242 and f.
22
Let n be -10*13/((-195)/72). What is the highest common factor of n and 64?
16
Let w(r) = r**3 - 4*r**2 + 2*r - 7. Let n be w(6). Let b(p) = -p**2 + 6*p + 6. Let l be b(5). Calculate the greatest common factor of n and l.
11
Suppose 3*n - 5*m = 13, -10 - 6 = -2*n - 4*m. Let f(j) = 4 - 5 + 2 - 5*j. Let a be f(-1). Calculate the highest common factor of a and n.
6
Let i(x) = 2*x + 17. Let a be i(-7). What is the greatest common divisor of 6 and a?
3
Suppose -6*b + 4*b + 32 = 0. What is the highest common factor of b and 40?
8
Suppose d = -d. Let u = 2 - d. Let t be 25/u + (-1)/(-2). What is the highest common factor of t and 13?
13
Let j(s) = s**3 - s + 14. Let o be j(0). Let i = o - -30. Calculate the greatest common factor of 110 and i.
22
Let o(s) = -s**3 + 11*s**2 + 2*s - 4. Let c be o(11). Calculate the greatest common divisor of c and 108.
18
Suppose -4*r + 3*r = -3*u - 3, -u = 0. Let s = -1 + r. Let z(g) = 6*g**2 - 3*g + 3. Let h be z(s). What is the greatest common factor of h and 84?
21
Let w be (0 + 15)*(-1 - -4). Calculate the greatest common factor of 30 and w.
15
Suppose -2 + 5 = x. Suppose x + 3 = 3*i. Suppose 3*s - o - 15 = -0*o, 0 = -i*s + 3*o + 17. Calculate the greatest common factor of s and 2.
2
Suppose -5*p + 80 = -0*y + 5*y, 0 = 3*y + 5*p - 42. Let x = 3 + 73. What is the greatest common factor of x and y?
19
Suppose -q = -2*j - 0*q + 8, 0 = 2*j + 4*q + 12. Suppose -a = -j - 30. What is the greatest common factor of a and 160?
32
Let n be 9/45 + (-46)/5. Let g be 0 + 0/(-1) - n. What is the highest common factor of g and 18?
9
Let s = -100 - -110. Let t = 22 + -7. Calculate the highest common divisor of s and t.
5
Suppose -4*a + b = -263, 0 = -5*a + 2*b + 3*b + 340. Let i = 160 - a. What is the greatest common factor of 19 and i?
19
Let b = -7 + 16. What is the highest common divisor of 63 and b?
9
Let w be 5 + -7 + 4 + 6. Calculate the greatest common divisor of w and 48.
8
Suppose 5 = -4*l - x + 78, 3*x = -l + 21. Calculate the greatest common factor of 9 and l.
9
Suppose -541 + 156 = -5*x. What is the greatest common factor of x and 33?
11
Let o be 42/4*((-4)/3 + 2). Calculate the highest common divisor of o and 189.
7
Let y(f) = -f**3 - 5*f**2 - 7*f + 7. Let j be y(-7). Suppose 3*p - p - 28 = 0. Calculate the highest common factor of p and j.
14
Let y be 115/(-2)*24/(-60). Suppose -y + 43 = 2*b. Suppose 2*j - 23 = -3*s, -5*j = 5*s - 39 - 16. Calculate the highest common divisor of b and j.
10
Let f be 0 - (40/(-1))/2. Let o be (-29)/(((-4)/9)/4). Let c = o + -101. Calculate the greatest common divisor of c and f.
20
Let a = 4 + -3. Calculate the highest common factor of a and 5.
1
Let h(q) = -q + 9. Let b be h(0). What is the greatest common factor of b and 81?
9
Let o(j) = -j**3 - 2*j**2 + 9*j + 6. Let h be o(-4). What is the highest common factor of h and 2?
2
Suppose -2*u = -0*u + 2. Let h(w) = -22*w - 1. Let p be h(u). Calculate the highest common factor of 14 and p.
7
Let c(k) = 4 - k - 4 - 1. Let a be c(-5). Let i be 333/12 + (-3)/(-12). What is the highest common factor of i and a?
4
Let x = 26 - 17. Suppose -4*t - w = -32, 3*t + 2*t - 5*w - 65 = 0. What is the highest common divisor of x and t?
9
Let t be 420/8 - 2/(-4). Let o be (-5)/(-10) - t/(-2). Calculate the greatest common divisor of o and 3.
3
Let z(s) = s**3 - 8*s**2 + 8*s - 5. Let v be z(7). Suppose 4*w = 0, 6*w - 10 = -2*h + v*w. Calculate the greatest common factor of 5 and h.
5
Let v be ((-8)/(-16))/(((-10)/72)/(-5)). What is the highest common divisor of 54 and v?
18
Suppose x = -y - 2*x + 192, -3*y = -x - 536. What is the highest common divisor of 20 and y?
20
Suppose 3*s - 3 = 12. Let v = 43 - -2. What is the highest common factor of s and v?
5
Suppose 3*y + 6 = -3*r, y + 3 = -2. Let u(v) = v**2 + v + 38. Let k be u(0). Suppose -r*l = -k + 11. Calculate the highest common factor of l and 1.
1
Let w(h) = -h**2 - 11*h + 8. Let n(g) = 4*g + 1. Let d be n(-3). Let p be w(d). What is the highest common divisor of p and 2?
2
Suppose -4*p - 70 = -3*r, p + p = 4*r - 80. Let v = r - 44. Let b = -14 - v. Calculate the greatest common factor of 12 and b.
12
Suppose -4*a + 78 = a - w, 3*a = -2*w + 52. What is the greatest common factor of a and 144?
16
Let i(x) = -8*x + 4. Let d be i(-3). Calculate the greatest common factor of d and 42.
14
Let k(b) = b**2 - 6*b. Let c be k(6). Let l be 9 - (1 + c)*3. Calculate the greatest common factor of l and 1.
1
Let t(x) = -5*x - 3. Let d be t(-2). Calculate the highest common factor of d and 1.
1
Let z = -174 - -284. Let m = z - 45. What is the highest common divisor of m and 13?
13
Suppose 0 = 3*x + 5*a + 5, -30 = -2*x - 0*x + 5*a. Suppose x*l = 46 + 19. Let o = l + -9. Calculate the highest common divisor of 44 and o.
4
Let l(b) = 9*b**3 - 2*b**2 + b. Let r be l(1). Suppose 0*o = 3*o - 2*q - r, -3*o - 3*q = -18. Calculate the highest common divisor of 44 and o.
4
Let s be -2*410/(-4) + -2. Let p be 2 + (s - -1)/3. Let z = p - 42. What is the highest common factor of z and 70?
14
Let f(r) = -r**3 - 4*r**2 + 4*r - 2. Let v be f(-5). Suppose 32 = -b + 3*b. Suppose v*s - b = -s. Calculate the greatest common divisor of s and 4.
4
Let h(n) = 1. Let z(x) = 3*x**2 - 10*x - 11. Let g(b) = 6*h(b) + z(b). Let i be g(7). Calculate the highest common factor of i and 9.
9
Let x(g) = -2 - 1 - 5*g**2 - 2*g - 3*g. Let w be x(-4). Let c be (-2)/(-8) + w/(-4). What is the greatest common factor of c and 16?
16
Suppose q - 2*x - 29 = -0*q, -3*q = x - 108. Let l be q/3 + (-2)/(-6). Calculate the highest common factor of 12 and l.
12
Let s(c) = c**3 + 2*c**2 + 3*c - 1. Let h be s(6). What is the highest common factor of 61 and h?
61
Let p = 68 - 60. Let h(l) = 110*l**2 - l. Let n be h(1). Suppose -2*t + 67 = -n. Calculate the highest common divisor of p and t.
8
Suppose 0 = 2*r - 5*m + 22, 5*m - 19 = -4*r + 3*r. Let q be 91 + 2/(2/r). What is the highest common divisor of q and 10?
10
Let a = 12 - -2. Calculate the greatest common factor of 14 and a.
14
Let c be 754/10 - 4/10. Let d = 30 + -15. What is the highest common factor of c and d?
15
Suppose i - 3*i + 8 = 0. Suppose 4*q = 3*r + 106, -r = i*q - 0*q - 114. What is the highest common factor of 280 and q?
28
Let g(a) = -7*a**3 - 2*a**2. Let k be g(-2). Suppose -3*f + k = -0*f. Let w = 158 - 94. What is the greatest common divisor of f and w?
16
Suppose -3*f + 57 = 3*u, 3*u = -6*f + 5*f + 25. Suppose -27 = -4*s + m, -3*m - 9 = 2*s - 8*m. Calculate the greatest common divisor of f and s.
8
Suppose -4*b + 26 = -2*b. Suppose 0 = t - 8 - b. Calculate the highest common factor of t and 7.
7
Let x(m) = 4*m**3 - 4*m**2 - 3*m - 5. Let z be x(4). Calculate the highest common divisor of 25 and z.
25
Suppose -3*g = -8 - 7. What is the greatest common factor of g and 55?
5
Let n be 1 - ((-3 - 101) + -3). Suppose -12 = -x + 6. Let d be x/(-4)*16/(-6). Calculate the highest common factor of d and n.
12
Let s be ((-2)/(-5))/((-2)/(-280)). What is the greatest common divisor of 8 and s?
8
Let u(k) = -3*k - 1. Let n be u(-1). Let w be 3/(9/42) + n. Suppose -s = s - 96. What is the greatest common factor of s and w?
16
Suppose 7*t + 45 = 12*t. Calculate the highest common factor of 6 and t.
3
Suppose -m + 4*m - 93 = -s, 3*m - 96 = -2*s. What is the highest common divisor of m and 45?
15
Let z be 604/6 - (-8)/(-12). What is the highest common divisor of z and 40?
20
Let x(m) = 2*m**2 - m - 25. Let h be x(5). What is the highest common divisor of 140 and h?
20
Let g(j) = j + 1. Let o(r) = r**2 - 7*r - 3. Let x(n) = 5*g(n) + o(n). Let i be x(3). What is the highest common factor of 55 and i?
5
Let z = 13 - 4. Let f(s) = 11*s**2 - s - 5. Let y be f(5). Let x = y + -166. Calculate the greatest common divisor of z and x.
9
Let s be 104/18 + 6/27. What is the highest common divisor of s and 30?
6
Suppose p = 3*p - 16. What is the highest common divisor of 8 and p?
8
Let h(i) = 2*i + 38. Let s be h(-18). Let k = -2 - -4. What is the greatest common factor of k and s?
2
Let t = -26 - -32. What is the greatest common divisor of 30 and t?
6
Suppose 2*z - 14 = 4*s + 10, 0 = 5*s + 5*z. Let d = 12 + s. What is the greatest common factor of d and 40?
8
Let x = -15 + 24. What is the 